5).
-6
Let z(x) = -3*x + 5. Suppose -64 = -13*t + 1. Suppose -5*l - 13 = 2*s + 2*s, t*l = -s + 8. Determine z(s).
26
Suppose 4*c - 2*a = 0, 3 = 5*a - 17. Suppose 4*q + c = 3*q. Let l be (-2)/q - (2 - -1). Let u(x) = -x**3 - 2*x**2 + 2*x + 3. Calculate u(l).
-1
Let u(l) = 360 + 311 + 267 - 848 - 7*l. What is u(13)?
-1
Suppose 15 - 65 = 5*u. Let a(j) be the third derivative of -j**5/60 - 11*j**4/24 - 5*j**3/6 + 4*j**2 - 52. What is a(u)?
5
Suppose r - 2*r = 4*a + 10, 5*a + 23 = 4*r. Suppose -r*x + 6 - 10 = 0. Let f be (-15 + (x - -2))*2/(-3). Let t(u) = u - 14. Give t(f).
-4
Suppose -15*c - 119 = -22*c. Suppose g + 32 = c*g. Let r(y) = y**3 - y**2 + 2*y. Give r(g).
8
Let b(n) = 3*n - 3. Let h = -29 - 16. Let w = h - -43. Let a be (-34)/8 - w/8. Give b(a).
-15
Let g be 8/(-3)*(-12)/8. Let w(j) be the second derivative of -7/6*j**3 + 1/6*j**4 + 0 + 5/2*j**2 + 71*j. Determine w(g).
9
Let u = 3 + -6. Let j(k) = -164*k**2 + k + 19. Let w(r) = 519*r**2 - 4*r - 61. Let g(p) = -19*j(p) - 6*w(p). Determine g(u).
8
Let z(j) be the third derivative of -318*j**2 + 1/120*j**6 + 0 + 0*j - 1/15*j**5 + 1/2*j**3 - 1/8*j**4. What is z(5)?
13
Let p(t) = t**3 - 7*t**2 - 4*t + 10. Suppose -4*w + 11*w - 182 = 0. Let n(j) = j**2 - 27*j + 33. Let s be n(w). Calculate p(s).
-18
Let z(j) = 10*j + 109. Suppose v - 3*y - 36 = 5*v, -4*v - 4*y = 32. Give z(v).
-11
Let m = 43 + -34. Let j(q) = -q**3 + 8*q**2 + 11*q - 12. Let p be j(m). Let s(t) = t**2 - 9*t + 14. Let i be s(p). Let f(y) = -y**2 - 6*y + 4. What is f(i)?
12
Let m(a) = -4*a + 1 - a + 7*a**2 - 8*a**2 + 3. Let y(l) = -l - 14. Let b be y(-7). Give m(b).
-10
Let j(o) = 5*o**2 + 1711 + 0*o + 1710 + 1701 - 5109 - 40*o. What is j(8)?
13
Let v(h) be the second derivative of -h**5/120 - 5*h**4/8 + 2*h**3/3 - h**2 + 2*h - 6. Let z(q) be the second derivative of v(q). Determine z(0).
-15
Let q(t) = 21*t + 164. Suppose 55*p + 39*p = -752. Determine q(p).
-4
Let c(s) = 1793*s**2 + 31 + 17 - 1791*s**2 - 22*s + 19. Determine c(7).
11
Let k(g) = -9*g + 32. Let r be k(-10). Let o = r + -115. Let f(j) = 5 - 8*j + 14*j - 10*j - o. What is f(-5)?
18
Let t(g) = 12 + 2*g + 2410*g**2 + g**3 - 4829*g**2 - 2*g**3 + 2414*g**2. Give t(-5).
2
Let n be (2/4)/(1/6). Let p(y) be the first derivative of y**4/12 + 2*y**3/3 + 3*y**2/2 + y + 31. Let j(b) be the second derivative of p(b). Determine j(n).
10
Suppose 3*d = -3*v, -d + 8 = -4*v - 3*d. Let x(n) be the first derivative of n**2 - 61 + n**3 + 1/4*n**4 - 4*n. What is x(v)?
-28
Let d(r) be the second derivative of r**7/2520 + r**6/360 - 10*r**4/3 - 25*r - 4. Let z(m) be the third derivative of d(m). Let i be 9/6*(-1 - 1). Give z(i).
3
Let g(n) = -25*n + 6054 - 6013 - n**2 + 27*n. What is g(9)?
-22
Let k(s) = -3*s**2 - 3*s + 5. Let p(o) = 4*o**2 + 3*o - 4. Let n = 672 + -667. Let a(d) = n*k(d) + 4*p(d). What is a(6)?
27
Suppose 40 = 2*v + 18*v. Suppose f + 3*q - 7 = v*f, -5*q + 9 = -f. Let i(z) = -2*z. Give i(f).
8
Let l(z) = z**2 - 6*z - 9. Let s(b) = 8*b**2 - 3*b - 4. Suppose 72*k = 65*k - 7. Let u be s(k). Give l(u).
-2
Let f = 15319 - 15328. Let h(p) = -3*p - 25. Let k(w) = -1. Let q(c) = h(c) - 6*k(c). Determine q(f).
8
Let h(v) = 2*v + 7*v - 2*v - 2*v + 8791 - 8843. What is h(10)?
-2
Suppose -15*w + 2 = 5*a + 17, 3*a + w - 39 = 0. Let t(l) = -l**2 + 2*l + 196. Calculate t(a).
1
Let b(d) be the second derivative of d**4/6 - 7*d**3/6 - 6*d**2 - 14*d - 7. Determine b(8).
60
Suppose 2*n = -2*n + 72. Suppose -3*u + 0 + 6 = 0. Let h(q) = 2*q - 6*q + n - 20 - q**3 - 3*q**u. Determine h(-2).
2
Let d(h) = -5*h - 3. Suppose -q = 5*n - 9, -2*q + 7*q - 3*n - 17 = 0. Suppose -p = -q*o + 4*p + 3, -9 = 5*o - 2*p. Calculate d(o).
12
Let f(u) = 10*u - 2. Let s(x) = -2*x**3 - 4*x**2 + 2*x - 9. Let i be s(-4). Let y(g) = g**2 - g - 45. Let d be y(0). Let q = i + d. What is f(q)?
18
Let h(f) be the third derivative of -f**4/24 + 5*f**3/2 + 13*f**2. Suppose 0 = 4*y + 3*b - 41, -2*y + 2*b = -b - 25. What is h(y)?
4
Let c(m) = -m**2 - 2*m + 3. Let i(d) = -12*d**2 + 20*d + 27. Let p(u) = 6*c(u) - i(u). What is p(6)?
15
Let h(t) = t**2 - 3*t - 8. Let f(a) = -a**3 + 15*a**2 + 15*a + 19. Let v be f(16). Suppose v*g = 261 - 243. What is h(g)?
10
Suppose -r + 2*r - n - 7 = 0, 6 = -2*r - 3*n. Let s(d) = d**2 - 5*d - 4*d**2 - 4 - r*d**2 + 3*d**2 - 2*d. Give s(-3).
-10
Suppose 3*x = -5*r - 5 + 109, -5*r + 5 = 0. Let n(k) = -5*k**2 + 164*k + 31. Determine n(x).
-2
Let m(z) be the second derivative of -13*z**4/12 + z**2/2 + 6*z - 76. Let v be (3 + -12)*(-2)/3. Let l = v + -5. What is m(l)?
-12
Let k(p) = p**2 - 20*p - 12. Let b be k(0). Let w(z) = -4*z - 51. Calculate w(b).
-3
Let b(m) = -7*m + 9. Let w(j) = -10*j + 14. Let k(h) = 2*h**2 + 6*h - 1. Let x be k(-4). Let f(l) = x*b(l) - 5*w(l). Let i be (-30)/(-3)*(-2)/(-4). Give f(i).
-2
Let a(j) = -7*j**2 + 9*j - 9. Let f(p) = -74*p**2 + 128*p - 125. Let y(q) = 14*a(q) - f(q). Let w be -2*1*(-2)/(-4). Determine y(w).
-23
Let t = -29587 - -29586. Suppose 0 = -2*x - x. Let c(j) = x*j + 3 - 4 - 6*j. Determine c(t).
5
Let v(q) = -51*q + 668. Let d be v(13). Let i(z) = -5*z**3 - 12*z**2 + 19*z - 1. Let b(u) = 2*u**3 + 6*u**2 - 9*u + 1. Let f(r) = 7*b(r) + 3*i(r). Give f(d).
-1
Let c(y) = -17*y**2 + 86*y + 11. Let j(v) = -7*v**2 + 38*v + 6. Let a(t) = -2*c(t) + 5*j(t). Let w = 63 + -45. Give a(w).
8
Let t(i) = 8*i - 5*i**3 - 20958*i**2 - 4*i + 4*i**3 + 20959*i**2 + 2. Give t(-3).
26
Let t(v) = v**3 + 9*v**2 + 18*v + 9. Let w be t(-4). Let m(b) = 21*b - b**2 + 4 - 61*b + 20*b + w*b. What is m(-4)?
0
Let u(o) = o**3 + 9*o**2 + 7*o - 10. Suppose 4*p - 45 = 203. Suppose -p*r = -44*r + 144. Determine u(r).
-2
Let p(a) = -42*a + 606. Let k(c) = 160*c - 2421. Let v(b) = 3*k(b) + 11*p(b). Calculate v(33).
-3
Let b(m) be the first derivative of 5*m**2 - 205*m - 4208. What is b(21)?
5
Let p be 3 - 2055/(-21) - 6/(-42). Let r = 44 - p. Let q be 266/r + 1/(-3). Let b(d) = d. Calculate b(q).
-5
Let d(i) = -i**2 - 157*i - 10*i**3 + 147*i - 15*i**3 + 7. Let l(k) = -4*k**3 + k**2 - k. Let t(j) = d(j) - 6*l(j). Give t(-6).
-5
Suppose -15*o + 1003 - 223 = 37*o. Let l(z) = z**2 - 25*z + 54. Determine l(o).
-96
Let x(j) = 23 + 1 - 6 - 17 + 10 - 3*j**3 + 11*j. What is x(-1)?
3
Let s(i) = 2*i**3 + i - 1. Suppose 3*o - 2 = 2*k + 14, 3*k + 4*o - 10 = 0. Let b(x) = -5*x**3 - 3*x + 5. Let p(z) = k*s(z) - b(z). Calculate p(0).
-3
Let h be (-2)/((992/250 + -4)/(4/(-10))). Let n(g) = g**3 + 24*g**2 - 22*g + 18. Determine n(h).
-57
Let y = 1508 - 1507. Suppose 2 + 10 = 4*p. Let u(r) = -5 - 171*r**p - r**2 + 168*r**3 + 6 + 0*r**2. Give u(y).
-3
Let t be (-4)/10 + 12/5. Let r(k) = k**3 - 4*k**2 + 2. Let v be r(4). Let x(s) = s + 6*s**2 - 2*s**2 - 2*s**t - 3*s**v. Calculate x(1).
0
Suppose -2*k + 7*o - 5*o - 8 = 0, -3*k - 2 = 2*o. Let u(x) = -2*x - 1 + 0*x - 2*x. Calculate u(k).
7
Suppose 4*l - 4 = 2*h, -2*l - 47 = 4*h + 3*l. Let x(m) = -7*m. Let v(i) = 9*i + 1. Let f(j) = -6*v(j) - 7*x(j). Determine f(h).
34
Let t(s) = -s**3 - 4*s**2 + 2*s - 6. Suppose 0 = -5*m + 4*h - 50, 3 = -3*m + 9*h - 60. What is t(m)?
54
Let b(m) be the second derivative of 2*m**3/3 + 26*m**2 + 879*m. Calculate b(0).
52
Let s(k) be the third derivative of k**4/24 + 5*k**3/6 - 1206*k**2 - k - 1. Suppose 3*u + 15 = -6*r + r, -r = 2*u - 4. Give s(r).
-1
Let q(j) = j + 5. Suppose g - 6*g + 20 = 0. Suppose 0 = -5*n - 20, -g*h - 2*n + 3 = 27. Let f be q(h). Let p(c) = 4*c - 1. Give p(f).
3
Let g(q) be the third derivative of -2/3*q**3 - 9*q**2 + 0 + 1/12*q**4 - 2*q - 1/60*q**5. Determine g(3).
-7
Suppose 4*f - 165 + 21 = 0. Let k be (-196)/(-63)*(-117)/(-26). Suppose f*p = 34*p + k. Let r(t) = -t**3 + 8*t**2 - 6*t - 8. What is r(p)?
-1
Let r(l) be the second derivative of 5*l**4/24 - 79*l**2/2 - 2*l + 80. Let z(n) be the first derivative of r(n). Determine z(1).
5
Let k(g) = -g**3 + 71*g**2 + 32*g - 2282. Let j be k(71). Let n(o) = -o**2 - 10*o + 7. Calculate n(j).
7
Let v(x) = x**3 + 14*x**2 + 12*x - 17. Let o(b) = -1462*b - 11709. Let s be o(-8). What is v(s)?
-4
Let r(d) = -4*d**2 - 2*d**3 - 5*d + 0*d + 3048 - 3052. Suppose -4*f + 12*y = 15*y + 3, -f - 9 = -2*y. Determine r(f).
29
Let a(s) = s**3 + 19*s**2 - 23*s - 47. Suppose -27*f + 32*f - t = -105, t = 3*f + 65. Let n be a(f). Let u(x) = -x**2 + 15*x - 24. Determine u(n).
2
Let v